{"id":2388,"date":"2025-03-30T12:47:00","date_gmt":"2025-03-30T12:47:00","guid":{"rendered":"http:\/\/dicomevents.vl25185.dinaserver.com\/?post_type=proyecto&#038;p=2388"},"modified":"2025-04-07T16:04:21","modified_gmt":"2025-04-07T16:04:21","slug":"cupra-flagship-madrid","status":"publish","type":"proyecto","link":"https:\/\/www.dicomevents.com\/es\/proyecto\/cupra-flagship-madrid\/","title":{"rendered":"CUPRA Flagship &#8211; MADRID"},"content":{"rendered":"\r\n<section  class=\"block-project-intro highlightable py-12 lg:py-20 grid gap-4 lg:grid-cols-2\">\r\n\r\n\t<div class=\"max-w-2xl\">\r\n\t\t\t\t\t<h2 class=\"font-light text-3xl leading-tight\">\r\n\t\t\t\tP\u00fablico general.<br>Madrid, Espa\u00f1a.\t\t\t<\/h2>\r\n\t\t\t<\/div>\r\n\r\n\t<div>\r\n\t\t\t\t\t<div>\r\n\t\t\t\t<p>En el marco del sexto aniversario de la marca, se inaugur\u00f3 el primer CUPRA City Garage en Madrid y participamos en el dise\u00f1o y decoraci\u00f3n de este espacio vanguardista.<\/p>\n\t\t\t<\/div>\r\n\t\t\t<\/div>\r\n\r\n<\/section>\n\n\r\n<section  class=\"block-before-after has-text-color has-white-color pb-12 lg:py-20\">\r\n\r\n\t<div class=\"\">\r\n\r\n\t\t<div class=\"before-after aspect-4\/3 lg:aspect-video relative w-full flex flex-col justify-center overflow-hidden\">\r\n\t\t\t\r\n\t\t\t<div class=\"before-after__before absolute left-0 top-0 w-full h-full overflow-hidden z-20\">\r\n\t\t\t\t<img decoding=\"async\" width=\"2560\" height=\"1707\" src=\"https:\/\/www.dicomevents.com\/wp-content\/uploads\/2024\/03\/CUPRA-opens-the-worlds-largest-City-Garage-in-Madrid-for-its-sixth-anniversary_04_HQ-1-scaled.jpg\" class=\"w-full h-full object-cover max-w-none\" alt=\"\" srcset=\"https:\/\/www.dicomevents.com\/wp-content\/uploads\/2024\/03\/CUPRA-opens-the-worlds-largest-City-Garage-in-Madrid-for-its-sixth-anniversary_04_HQ-1-scaled.jpg 2560w, https:\/\/www.dicomevents.com\/wp-content\/uploads\/2024\/03\/CUPRA-opens-the-worlds-largest-City-Garage-in-Madrid-for-its-sixth-anniversary_04_HQ-1-480x320.jpg 480w, https:\/\/www.dicomevents.com\/wp-content\/uploads\/2024\/03\/CUPRA-opens-the-worlds-largest-City-Garage-in-Madrid-for-its-sixth-anniversary_04_HQ-1-986x657.jpg 986w, https:\/\/www.dicomevents.com\/wp-content\/uploads\/2024\/03\/CUPRA-opens-the-worlds-largest-City-Garage-in-Madrid-for-its-sixth-anniversary_04_HQ-1-768x512.jpg 768w, https:\/\/www.dicomevents.com\/wp-content\/uploads\/2024\/03\/CUPRA-opens-the-worlds-largest-City-Garage-in-Madrid-for-its-sixth-anniversary_04_HQ-1-1536x1024.jpg 1536w, https:\/\/www.dicomevents.com\/wp-content\/uploads\/2024\/03\/CUPRA-opens-the-worlds-largest-City-Garage-in-Madrid-for-its-sixth-anniversary_04_HQ-1-2048x1365.jpg 2048w, https:\/\/www.dicomevents.com\/wp-content\/uploads\/2024\/03\/CUPRA-opens-the-worlds-largest-City-Garage-in-Madrid-for-its-sixth-anniversary_04_HQ-1-380x253.jpg 380w\" sizes=\"(max-width: 2560px) 100vw, 2560px\">\r\n\t\t\t\t\t\t\t\t\t<span class=\"absolute left-4 xl:left-6 bottom-3 font-extrabold\">\r\n\t\t\t\t\t\tRealidad\t\t\t\t\t<\/span>\r\n\t\t\t\t\t\t\t<\/div>\r\n\r\n\t\t\t<div class=\"before-after__after absolute left-0 top-0 w-full h-full overflow-hidden z-10\">\r\n\t\t\t\t<img decoding=\"async\" width=\"2560\" height=\"1440\" src=\"https:\/\/www.dicomevents.com\/wp-content\/uploads\/2024\/03\/CAM_P0_01_02-scaled.jpg\" class=\"w-full h-full object-cover max-w-none\" alt=\"\" srcset=\"https:\/\/www.dicomevents.com\/wp-content\/uploads\/2024\/03\/CAM_P0_01_02-scaled.jpg 2560w, https:\/\/www.dicomevents.com\/wp-content\/uploads\/2024\/03\/CAM_P0_01_02-480x270.jpg 480w, https:\/\/www.dicomevents.com\/wp-content\/uploads\/2024\/03\/CAM_P0_01_02-986x555.jpg 986w, https:\/\/www.dicomevents.com\/wp-content\/uploads\/2024\/03\/CAM_P0_01_02-768x432.jpg 768w, https:\/\/www.dicomevents.com\/wp-content\/uploads\/2024\/03\/CAM_P0_01_02-1536x864.jpg 1536w, https:\/\/www.dicomevents.com\/wp-content\/uploads\/2024\/03\/CAM_P0_01_02-2048x1152.jpg 2048w, https:\/\/www.dicomevents.com\/wp-content\/uploads\/2024\/03\/CAM_P0_01_02-380x214.jpg 380w\" sizes=\"(max-width: 2560px) 100vw, 2560px\">\r\n\t\t\t\t\t\t\t\t\t<span class=\"absolute right-4 xl:right-6 bottom-3 font-extrabold\">\r\n\t\t\t\t\t\tRender\t\t\t\t\t<\/span>\r\n\t\t\t\t\t\t\t<\/div>\r\n\r\n\t\t\t<input type=\"range\" value=\"50\" min=\"0\" max=\"100\" class=\"before-after__range relative z-20 w-full\">\r\n\r\n\t\t<\/div>\r\n\r\n\t<\/div>\r\n\r\n<\/section>\n\n\n<p class=\"has-text-align-center\">Inspirados por el mar y el Mediterr\u00e1neo, creamos un ambiente envolvente caracterizado por tonos azules, delicadas ondas de luz y una imponente ola escult\u00f3rica de cobre que da la bienvenida a los visitantes.<\/p>\n\n\n\n<p><\/p>\n\n\n\n<figure class=\"wp-block-image alignwide size-full\"><img decoding=\"async\" width=\"2560\" height=\"1707\" src=\"https:\/\/www.dicomevents.com\/wp-content\/uploads\/2025\/03\/CUPRA-City-Garage-10-1-scaled.jpg\" alt=\"\" class=\"wp-image-4325\" srcset=\"https:\/\/www.dicomevents.com\/wp-content\/uploads\/2025\/03\/CUPRA-City-Garage-10-1-scaled.jpg 2560w, https:\/\/www.dicomevents.com\/wp-content\/uploads\/2025\/03\/CUPRA-City-Garage-10-1-480x320.jpg 480w, https:\/\/www.dicomevents.com\/wp-content\/uploads\/2025\/03\/CUPRA-City-Garage-10-1-986x657.jpg 986w, https:\/\/www.dicomevents.com\/wp-content\/uploads\/2025\/03\/CUPRA-City-Garage-10-1-768x512.jpg 768w, https:\/\/www.dicomevents.com\/wp-content\/uploads\/2025\/03\/CUPRA-City-Garage-10-1-1536x1024.jpg 1536w, https:\/\/www.dicomevents.com\/wp-content\/uploads\/2025\/03\/CUPRA-City-Garage-10-1-2048x1365.jpg 2048w, https:\/\/www.dicomevents.com\/wp-content\/uploads\/2025\/03\/CUPRA-City-Garage-10-1-380x253.jpg 380w\" sizes=\"(max-width: 2560px) 100vw, 2560px\" \/><\/figure>\n\n\n\n<figure class=\"wp-block-gallery has-nested-images columns-default is-cropped wp-block-gallery-1 is-layout-flex wp-block-gallery-is-layout-flex\">\n<figure class=\"wp-block-image size-large\"><img decoding=\"async\" width=\"986\" height=\"657\" data-id=\"4327\" src=\"https:\/\/www.dicomevents.com\/wp-content\/uploads\/2025\/03\/CUPRA-City-Garage-5-1-986x657.jpg\" alt=\"\" class=\"wp-image-4327\" srcset=\"https:\/\/www.dicomevents.com\/wp-content\/uploads\/2025\/03\/CUPRA-City-Garage-5-1-986x657.jpg 986w, https:\/\/www.dicomevents.com\/wp-content\/uploads\/2025\/03\/CUPRA-City-Garage-5-1-480x320.jpg 480w, https:\/\/www.dicomevents.com\/wp-content\/uploads\/2025\/03\/CUPRA-City-Garage-5-1-768x512.jpg 768w, https:\/\/www.dicomevents.com\/wp-content\/uploads\/2025\/03\/CUPRA-City-Garage-5-1-1536x1024.jpg 1536w, https:\/\/www.dicomevents.com\/wp-content\/uploads\/2025\/03\/CUPRA-City-Garage-5-1-2048x1365.jpg 2048w, https:\/\/www.dicomevents.com\/wp-content\/uploads\/2025\/03\/CUPRA-City-Garage-5-1-380x253.jpg 380w\" sizes=\"(max-width: 986px) 100vw, 986px\" \/><\/figure>\n\n\n\n<figure class=\"wp-block-image size-large\"><img decoding=\"async\" width=\"986\" height=\"657\" data-id=\"2566\" src=\"https:\/\/www.dicomevents.com\/wp-content\/uploads\/2024\/03\/CUPRA-opens-the-worlds-largest-City-Garage-in-Madrid-for-its-sixth-anniversary_04_HQ-1-2-986x657.jpg\" alt=\"\" class=\"wp-image-2566\" srcset=\"https:\/\/www.dicomevents.com\/wp-content\/uploads\/2024\/03\/CUPRA-opens-the-worlds-largest-City-Garage-in-Madrid-for-its-sixth-anniversary_04_HQ-1-2-986x657.jpg 986w, https:\/\/www.dicomevents.com\/wp-content\/uploads\/2024\/03\/CUPRA-opens-the-worlds-largest-City-Garage-in-Madrid-for-its-sixth-anniversary_04_HQ-1-2-480x320.jpg 480w, https:\/\/www.dicomevents.com\/wp-content\/uploads\/2024\/03\/CUPRA-opens-the-worlds-largest-City-Garage-in-Madrid-for-its-sixth-anniversary_04_HQ-1-2-768x512.jpg 768w, https:\/\/www.dicomevents.com\/wp-content\/uploads\/2024\/03\/CUPRA-opens-the-worlds-largest-City-Garage-in-Madrid-for-its-sixth-anniversary_04_HQ-1-2-1536x1024.jpg 1536w, https:\/\/www.dicomevents.com\/wp-content\/uploads\/2024\/03\/CUPRA-opens-the-worlds-largest-City-Garage-in-Madrid-for-its-sixth-anniversary_04_HQ-1-2-2048x1365.jpg 2048w, https:\/\/www.dicomevents.com\/wp-content\/uploads\/2024\/03\/CUPRA-opens-the-worlds-largest-City-Garage-in-Madrid-for-its-sixth-anniversary_04_HQ-1-2-380x253.jpg 380w\" sizes=\"(max-width: 986px) 100vw, 986px\" \/><\/figure>\n<\/figure>\n\n\n\n<p><\/p>\n\n\n\n<p class=\"has-text-align-center\">Con una superficie de 1.369 m2 distribuida en dos plantas, este espacio lleva el esp\u00edritu del mar hacia el coraz\u00f3n de Madrid, reflejando la esencia de la marca como un aut\u00e9ntico estilo de vida.&nbsp;<\/p>\n\n\n\n<figure class=\"wp-block-image alignwide size-full\"><img decoding=\"async\" width=\"5762\" height=\"3577\" src=\"https:\/\/www.dicomevents.com\/wp-content\/uploads\/2025\/03\/CUPRA-City-Garage-1.png\" alt=\"\" class=\"wp-image-4334\" srcset=\"https:\/\/www.dicomevents.com\/wp-content\/uploads\/2025\/03\/CUPRA-City-Garage-1.png 5762w, https:\/\/www.dicomevents.com\/wp-content\/uploads\/2025\/03\/CUPRA-City-Garage-1-480x298.png 480w, https:\/\/www.dicomevents.com\/wp-content\/uploads\/2025\/03\/CUPRA-City-Garage-1-986x612.png 986w, https:\/\/www.dicomevents.com\/wp-content\/uploads\/2025\/03\/CUPRA-City-Garage-1-768x477.png 768w, https:\/\/www.dicomevents.com\/wp-content\/uploads\/2025\/03\/CUPRA-City-Garage-1-1536x954.png 1536w, https:\/\/www.dicomevents.com\/wp-content\/uploads\/2025\/03\/CUPRA-City-Garage-1-2048x1271.png 2048w, https:\/\/www.dicomevents.com\/wp-content\/uploads\/2025\/03\/CUPRA-City-Garage-1-380x236.png 380w\" sizes=\"(max-width: 5762px) 100vw, 5762px\" \/><\/figure>\n\n\n\r\n<section  class=\"block-cta py-20 lg:py-32\">\r\n\r\n\t<div class=\"\">\r\n\r\n\t\t<div class=\"mx-auto text-center max-w-4xl\">\r\n\t\t\t\t\t\t\t<h2 class=\"mb-1.5 text-3xl font-light\">\r\n\t\t\t\t\t\u00bfQuieres ser el pr\u00f3ximo caso de \u00e9xito?\t\t\t\t<\/h2>\r\n\t\t\t\r\n\t\t\t\t\t\t\t<p class=\"mb-0 lg:mb-10 text-lg\">\r\n\t\t\t\t\tCu\u00e9ntanos de tu proyecto.\t\t\t\t<\/p>\r\n\t\t\t\r\n\t\t\t\t\t\t\t<a \r\n\t\t\t\t\thref=\"https:\/\/www.dicomevents.com\/contacto\/\" \r\n\t\t\t\t\tclass=\"mt-6 button-black-ghost\"\r\n\t\t\t\t\t\t\t\t\t>\r\n\t\t\t\t\tHablemos\t\t\t\t<\/a>\r\n\t\t\t\t\t<\/div>\r\n\r\n\t<\/div>\r\n    \r\n<\/section>","protected":false},"excerpt":{"rendered":"<p>Inspirados por el mar y el Mediterr\u00e1neo, creamos un ambiente envolvente caracterizado por tonos azules, delicadas ondas de luz y una imponente ola escult\u00f3rica de cobre que da la bienvenida a los visitantes. Con una superficie de 1.369 m2 distribuida en dos plantas, este espacio lleva el esp\u00edritu del mar hacia el coraz\u00f3n de Madrid, [&hellip;]<\/p>\n","protected":false},"author":2,"featured_media":2394,"parent":0,"menu_order":0,"comment_status":"open","ping_status":"closed","template":"","format":"standard","meta":{"_acf_changed":false},"etiqueta-proyecto":[40,48,49],"servicios":[33],"class_list":["post-2388","proyecto","type-proyecto","status-publish","format-standard","has-post-thumbnail","hentry","etiqueta-proyecto-diseno","etiqueta-proyecto-retail","etiqueta-proyecto-flagship","servicios-construccion"],"acf":[],"_links":{"self":[{"href":"https:\/\/www.dicomevents.com\/es\/wp-json\/wp\/v2\/proyecto\/2388","targetHints":{"allow":["GET"]}}],"collection":[{"href":"https:\/\/www.dicomevents.com\/es\/wp-json\/wp\/v2\/proyecto"}],"about":[{"href":"https:\/\/www.dicomevents.com\/es\/wp-json\/wp\/v2\/types\/proyecto"}],"author":[{"embeddable":true,"href":"https:\/\/www.dicomevents.com\/es\/wp-json\/wp\/v2\/users\/2"}],"replies":[{"embeddable":true,"href":"https:\/\/www.dicomevents.com\/es\/wp-json\/wp\/v2\/comments?post=2388"}],"wp:featuredmedia":[{"embeddable":true,"href":"https:\/\/www.dicomevents.com\/es\/wp-json\/wp\/v2\/media\/2394"}],"wp:attachment":[{"href":"https:\/\/www.dicomevents.com\/es\/wp-json\/wp\/v2\/media?parent=2388"}],"wp:term":[{"taxonomy":"etiqueta-proyecto","embeddable":true,"href":"https:\/\/www.dicomevents.com\/es\/wp-json\/wp\/v2\/etiqueta-proyecto?post=2388"},{"taxonomy":"servicios","embeddable":true,"href":"https:\/\/www.dicomevents.com\/es\/wp-json\/wp\/v2\/servicios?post=2388"}],"curies":[{"name":"wp","href":"https:\/\/api.w.org\/{rel}","templated":true}]}}

<section  class="block-project-intro highlightable py-12 lg:py-20 grid gap-4 lg:grid-cols-2">

	<div class="max-w-2xl">
					<h2 class="font-light text-3xl leading-tight">
				Público general.<br>Madrid, España.			</h2>
			</div>

	<div>
					<div>
				<p>En el marco del sexto aniversario de la marca, se inauguró el primer CUPRA City Garage en Madrid y participamos en el diseño y decoración de este espacio vanguardista.</p>
			</div>
			</div>

</section>


<section  class="block-before-after has-text-color has-white-color pb-12 lg:py-20">

	<div class="">

		<div class="before-after aspect-4/3 lg:aspect-video relative w-full flex flex-col justify-center overflow-hidden">
			
			<div class="before-after__before absolute left-0 top-0 w-full h-full overflow-hidden z-20">
				<img decoding="async" width="2560" height="1707" src="https://www.dicomevents.com/wp-content/uploads/2024/03/CUPRA-opens-the-worlds-largest-City-Garage-in-Madrid-for-its-sixth-anniversary_04_HQ-1-scaled.jpg" class="w-full h-full object-cover max-w-none" alt="" srcset="https://www.dicomevents.com/wp-content/uploads/2024/03/CUPRA-opens-the-worlds-largest-City-Garage-in-Madrid-for-its-sixth-anniversary_04_HQ-1-scaled.jpg 2560w, https://www.dicomevents.com/wp-content/uploads/2024/03/CUPRA-opens-the-worlds-largest-City-Garage-in-Madrid-for-its-sixth-anniversary_04_HQ-1-480x320.jpg 480w, https://www.dicomevents.com/wp-content/uploads/2024/03/CUPRA-opens-the-worlds-largest-City-Garage-in-Madrid-for-its-sixth-anniversary_04_HQ-1-986x657.jpg 986w, https://www.dicomevents.com/wp-content/uploads/2024/03/CUPRA-opens-the-worlds-largest-City-Garage-in-Madrid-for-its-sixth-anniversary_04_HQ-1-768x512.jpg 768w, https://www.dicomevents.com/wp-content/uploads/2024/03/CUPRA-opens-the-worlds-largest-City-Garage-in-Madrid-for-its-sixth-anniversary_04_HQ-1-1536x1024.jpg 1536w, https://www.dicomevents.com/wp-content/uploads/2024/03/CUPRA-opens-the-worlds-largest-City-Garage-in-Madrid-for-its-sixth-anniversary_04_HQ-1-2048x1365.jpg 2048w, https://www.dicomevents.com/wp-content/uploads/2024/03/CUPRA-opens-the-worlds-largest-City-Garage-in-Madrid-for-its-sixth-anniversary_04_HQ-1-380x253.jpg 380w" sizes="(max-width: 2560px) 100vw, 2560px">
									<span class="absolute left-4 xl:left-6 bottom-3 font-extrabold">
						Realidad					</span>
							</div>

			<div class="before-after__after absolute left-0 top-0 w-full h-full overflow-hidden z-10">
				<img decoding="async" width="2560" height="1440" src="https://www.dicomevents.com/wp-content/uploads/2024/03/CAM_P0_01_02-scaled.jpg" class="w-full h-full object-cover max-w-none" alt="" srcset="https://www.dicomevents.com/wp-content/uploads/2024/03/CAM_P0_01_02-scaled.jpg 2560w, https://www.dicomevents.com/wp-content/uploads/2024/03/CAM_P0_01_02-480x270.jpg 480w, https://www.dicomevents.com/wp-content/uploads/2024/03/CAM_P0_01_02-986x555.jpg 986w, https://www.dicomevents.com/wp-content/uploads/2024/03/CAM_P0_01_02-768x432.jpg 768w, https://www.dicomevents.com/wp-content/uploads/2024/03/CAM_P0_01_02-1536x864.jpg 1536w, https://www.dicomevents.com/wp-content/uploads/2024/03/CAM_P0_01_02-2048x1152.jpg 2048w, https://www.dicomevents.com/wp-content/uploads/2024/03/CAM_P0_01_02-380x214.jpg 380w" sizes="(max-width: 2560px) 100vw, 2560px">
									<span class="absolute right-4 xl:right-6 bottom-3 font-extrabold">
						Render					</span>
							</div>

			<input type="range" value="50" min="0" max="100" class="before-after__range relative z-20 w-full">

		</div>

	</div>

</section>


<p class="has-text-align-center">Inspirados por el mar y el Mediterráneo, creamos un ambiente envolvente caracterizado por tonos azules, delicadas ondas de luz y una imponente ola escultórica de cobre que da la bienvenida a los visitantes.</p>



<p></p>



<figure class="wp-block-image alignwide size-full"><img decoding="async" width="2560" height="1707" src="https://www.dicomevents.com/wp-content/uploads/2025/03/CUPRA-City-Garage-10-1-scaled.jpg" alt="" class="wp-image-4325" srcset="https://www.dicomevents.com/wp-content/uploads/2025/03/CUPRA-City-Garage-10-1-scaled.jpg 2560w, https://www.dicomevents.com/wp-content/uploads/2025/03/CUPRA-City-Garage-10-1-480x320.jpg 480w, https://www.dicomevents.com/wp-content/uploads/2025/03/CUPRA-City-Garage-10-1-986x657.jpg 986w, https://www.dicomevents.com/wp-content/uploads/2025/03/CUPRA-City-Garage-10-1-768x512.jpg 768w, https://www.dicomevents.com/wp-content/uploads/2025/03/CUPRA-City-Garage-10-1-1536x1024.jpg 1536w, https://www.dicomevents.com/wp-content/uploads/2025/03/CUPRA-City-Garage-10-1-2048x1365.jpg 2048w, https://www.dicomevents.com/wp-content/uploads/2025/03/CUPRA-City-Garage-10-1-380x253.jpg 380w" sizes="(max-width: 2560px) 100vw, 2560px" /></figure>



<figure class="wp-block-gallery has-nested-images columns-default is-cropped wp-block-gallery-1 is-layout-flex wp-block-gallery-is-layout-flex">
<figure class="wp-block-image size-large"><img decoding="async" width="986" height="657" data-id="4327" src="https://www.dicomevents.com/wp-content/uploads/2025/03/CUPRA-City-Garage-5-1-986x657.jpg" alt="" class="wp-image-4327" srcset="https://www.dicomevents.com/wp-content/uploads/2025/03/CUPRA-City-Garage-5-1-986x657.jpg 986w, https://www.dicomevents.com/wp-content/uploads/2025/03/CUPRA-City-Garage-5-1-480x320.jpg 480w, https://www.dicomevents.com/wp-content/uploads/2025/03/CUPRA-City-Garage-5-1-768x512.jpg 768w, https://www.dicomevents.com/wp-content/uploads/2025/03/CUPRA-City-Garage-5-1-1536x1024.jpg 1536w, https://www.dicomevents.com/wp-content/uploads/2025/03/CUPRA-City-Garage-5-1-2048x1365.jpg 2048w, https://www.dicomevents.com/wp-content/uploads/2025/03/CUPRA-City-Garage-5-1-380x253.jpg 380w" sizes="(max-width: 986px) 100vw, 986px" /></figure>



<figure class="wp-block-image size-large"><img decoding="async" width="986" height="657" data-id="2566" src="https://www.dicomevents.com/wp-content/uploads/2024/03/CUPRA-opens-the-worlds-largest-City-Garage-in-Madrid-for-its-sixth-anniversary_04_HQ-1-2-986x657.jpg" alt="" class="wp-image-2566" srcset="https://www.dicomevents.com/wp-content/uploads/2024/03/CUPRA-opens-the-worlds-largest-City-Garage-in-Madrid-for-its-sixth-anniversary_04_HQ-1-2-986x657.jpg 986w, https://www.dicomevents.com/wp-content/uploads/2024/03/CUPRA-opens-the-worlds-largest-City-Garage-in-Madrid-for-its-sixth-anniversary_04_HQ-1-2-480x320.jpg 480w, https://www.dicomevents.com/wp-content/uploads/2024/03/CUPRA-opens-the-worlds-largest-City-Garage-in-Madrid-for-its-sixth-anniversary_04_HQ-1-2-768x512.jpg 768w, https://www.dicomevents.com/wp-content/uploads/2024/03/CUPRA-opens-the-worlds-largest-City-Garage-in-Madrid-for-its-sixth-anniversary_04_HQ-1-2-1536x1024.jpg 1536w, https://www.dicomevents.com/wp-content/uploads/2024/03/CUPRA-opens-the-worlds-largest-City-Garage-in-Madrid-for-its-sixth-anniversary_04_HQ-1-2-2048x1365.jpg 2048w, https://www.dicomevents.com/wp-content/uploads/2024/03/CUPRA-opens-the-worlds-largest-City-Garage-in-Madrid-for-its-sixth-anniversary_04_HQ-1-2-380x253.jpg 380w" sizes="(max-width: 986px) 100vw, 986px" /></figure>
</figure>



<p></p>



<p class="has-text-align-center">Con una superficie de 1.369 m2 distribuida en dos plantas, este espacio lleva el espíritu del mar hacia el corazón de Madrid, reflejando la esencia de la marca como un auténtico estilo de vida.&nbsp;</p>



<figure class="wp-block-image alignwide size-full"><img decoding="async" width="5762" height="3577" src="https://www.dicomevents.com/wp-content/uploads/2025/03/CUPRA-City-Garage-1.png" alt="" class="wp-image-4334" srcset="https://www.dicomevents.com/wp-content/uploads/2025/03/CUPRA-City-Garage-1.png 5762w, https://www.dicomevents.com/wp-content/uploads/2025/03/CUPRA-City-Garage-1-480x298.png 480w, https://www.dicomevents.com/wp-content/uploads/2025/03/CUPRA-City-Garage-1-986x612.png 986w, https://www.dicomevents.com/wp-content/uploads/2025/03/CUPRA-City-Garage-1-768x477.png 768w, https://www.dicomevents.com/wp-content/uploads/2025/03/CUPRA-City-Garage-1-1536x954.png 1536w, https://www.dicomevents.com/wp-content/uploads/2025/03/CUPRA-City-Garage-1-2048x1271.png 2048w, https://www.dicomevents.com/wp-content/uploads/2025/03/CUPRA-City-Garage-1-380x236.png 380w" sizes="(max-width: 5762px) 100vw, 5762px" /></figure>



<section  class="block-cta py-20 lg:py-32">

	<div class="">

		<div class="mx-auto text-center max-w-4xl">
							<h2 class="mb-1.5 text-3xl font-light">
					¿Quieres ser el próximo caso de éxito?				</h2>
			
							<p class="mb-0 lg:mb-10 text-lg">
					Cuéntanos de tu proyecto.				</p>
			
							<a 
					href="https://www.dicomevents.com/contacto/" 
					class="mt-6 button-black-ghost"
									>
					Hablemos				</a>
					</div>

	</div>
    
</section>

<p>Inspirados por el mar y el Mediterráneo, creamos un ambiente envolvente caracterizado por tonos azules, delicadas ondas de luz y una imponente ola escultórica de cobre que da la bienvenida a los visitantes. Con una superficie de 1.369 m2 distribuida en dos plantas, este espacio lleva el espíritu del mar hacia el corazón de Madrid, [&hellip;]</p>
